{"id":2539,"date":"2022-07-14T02:09:20","date_gmt":"2022-07-14T02:09:20","guid":{"rendered":"https:\/\/www.parisbaguette.com.sg\/uat\/vietnams\/?post_type=product&#038;p=2539"},"modified":"2024-02-15T08:25:02","modified_gmt":"2024-02-15T08:25:02","slug":"b-e-l-t-sandwich","status":"publish","type":"product","link":"https:\/\/www.parisbaguette.com.sg\/uat\/vietnams\/blog\/product\/b-e-l-t-sandwich\/","title":{"rendered":"B.E.L.T. Sandwich"},"content":{"rendered":"<p>Sandwich Th\u1ecbt X\u00f4ng Kh\u00f3i V\u00e0 Tr\u1ee9ng<\/p>\n","protected":false},"featured_media":3094,"template":"","meta":{"_links_to":"","_links_to_target":""},"products_category":[13],"class_list":["post-2539","product","type-product","status-publish","has-post-thumbnail","hentry","products_category-sandwich-salad"],"_links":{"self":[{"href":"https:\/\/www.parisbaguette.com.sg\/uat\/vietnams\/wp-json\/wp\/v2\/product\/2539","targetHints":{"allow":["GET"]}}],"collection":[{"href":"https:\/\/www.parisbaguette.com.sg\/uat\/vietnams\/wp-json\/wp\/v2\/product"}],"about":[{"href":"https:\/\/www.parisbaguette.com.sg\/uat\/vietnams\/wp-json\/wp\/v2\/types\/product"}],"wp:featuredmedia":[{"embeddable":true,"href":"https:\/\/www.parisbaguette.com.sg\/uat\/vietnams\/wp-json\/wp\/v2\/media\/3094"}],"wp:attachment":[{"href":"https:\/\/www.parisbaguette.com.sg\/uat\/vietnams\/wp-json\/wp\/v2\/media?parent=2539"}],"wp:term":[{"taxonomy":"products_category","embeddable":true,"href":"https:\/\/www.parisbaguette.com.sg\/uat\/vietnams\/wp-json\/wp\/v2\/products_category?post=2539"}],"curies":[{"name":"wp","href":"https:\/\/api.w.org\/{rel}","templated":true}]}}