{"id":3002,"date":"2023-02-10T06:22:27","date_gmt":"2023-02-10T06:22:27","guid":{"rendered":"https:\/\/www.parisbaguette.com.sg\/uat\/vietnams\/?post_type=product&#038;p=3002"},"modified":"2024-02-15T08:13:20","modified_gmt":"2024-02-15T08:13:20","slug":"double-chocochip-cookie-box","status":"publish","type":"product","link":"https:\/\/www.parisbaguette.com.sg\/uat\/vietnams\/blog\/product\/double-chocochip-cookie-box\/","title":{"rendered":"Double Chocochip Cookie (Box)"},"content":{"rendered":"<p>B\u00e1nh Cookie S\u00f4 C\u00f4 La \u0110\u1eadm \u0110\u00e0<\/p>\n","protected":false},"featured_media":3208,"template":"","meta":{"_links_to":"","_links_to_target":""},"products_category":[43],"class_list":["post-3002","product","type-product","status-publish","has-post-thumbnail","hentry","products_category-cookies"],"_links":{"self":[{"href":"https:\/\/www.parisbaguette.com.sg\/uat\/vietnams\/wp-json\/wp\/v2\/product\/3002","targetHints":{"allow":["GET"]}}],"collection":[{"href":"https:\/\/www.parisbaguette.com.sg\/uat\/vietnams\/wp-json\/wp\/v2\/product"}],"about":[{"href":"https:\/\/www.parisbaguette.com.sg\/uat\/vietnams\/wp-json\/wp\/v2\/types\/product"}],"wp:featuredmedia":[{"embeddable":true,"href":"https:\/\/www.parisbaguette.com.sg\/uat\/vietnams\/wp-json\/wp\/v2\/media\/3208"}],"wp:attachment":[{"href":"https:\/\/www.parisbaguette.com.sg\/uat\/vietnams\/wp-json\/wp\/v2\/media?parent=3002"}],"wp:term":[{"taxonomy":"products_category","embeddable":true,"href":"https:\/\/www.parisbaguette.com.sg\/uat\/vietnams\/wp-json\/wp\/v2\/products_category?post=3002"}],"curies":[{"name":"wp","href":"https:\/\/api.w.org\/{rel}","templated":true}]}}