{"id":3051,"date":"2024-01-31T07:09:51","date_gmt":"2024-01-31T07:09:51","guid":{"rendered":"https:\/\/www.parisbaguette.com.sg\/uat\/vietnams\/?post_type=product&#038;p=3051"},"modified":"2024-02-15T08:07:48","modified_gmt":"2024-02-15T08:07:48","slug":"golden-cheese-tart","status":"publish","type":"product","link":"https:\/\/www.parisbaguette.com.sg\/uat\/vietnams\/blog\/product\/golden-cheese-tart\/","title":{"rendered":"Golden Cheese Tart"},"content":{"rendered":"<p>B\u00e1nh Tart Ph\u00f4 Mai Ho\u00e0ng Kim<\/p>\n","protected":false},"featured_media":3074,"template":"","meta":{"_links_to":"","_links_to_target":""},"products_category":[44],"class_list":["post-3051","product","type-product","status-publish","has-post-thumbnail","hentry","products_category-tart"],"_links":{"self":[{"href":"https:\/\/www.parisbaguette.com.sg\/uat\/vietnams\/wp-json\/wp\/v2\/product\/3051","targetHints":{"allow":["GET"]}}],"collection":[{"href":"https:\/\/www.parisbaguette.com.sg\/uat\/vietnams\/wp-json\/wp\/v2\/product"}],"about":[{"href":"https:\/\/www.parisbaguette.com.sg\/uat\/vietnams\/wp-json\/wp\/v2\/types\/product"}],"wp:featuredmedia":[{"embeddable":true,"href":"https:\/\/www.parisbaguette.com.sg\/uat\/vietnams\/wp-json\/wp\/v2\/media\/3074"}],"wp:attachment":[{"href":"https:\/\/www.parisbaguette.com.sg\/uat\/vietnams\/wp-json\/wp\/v2\/media?parent=3051"}],"wp:term":[{"taxonomy":"products_category","embeddable":true,"href":"https:\/\/www.parisbaguette.com.sg\/uat\/vietnams\/wp-json\/wp\/v2\/products_category?post=3051"}],"curies":[{"name":"wp","href":"https:\/\/api.w.org\/{rel}","templated":true}]}}